v(i). Let k(p) = 3 + 2 - 2*p - 2. Calculate k(x).
-5
Let q = -15 + 16. Let m(w) = -3*w**3 + 2*w - 1. Calculate m(q).
-2
Let b(j) = 4 + 198*j - 199*j + 3. Calculate b(4).
3
Let f(g) = g - 2. Let k be f(4). Suppose 0 = 2*z - 4*t - 6, 5*t + 21 = -4*z + 7. Let n(r) = -r - 1. Let q(c) = c. Let m(b) = k*q(b) + z*n(b). Calculate m(-1).
-2
Let c(t) = t**2 + 4*t + 6. Let k(i) = -i**2 - 4*i + 5. Let g be k(-5). Suppose g = -5*m - 76 + 181. Suppose m = -5*l - 4*n, -2*l + 5*n = -3*l. Give c(l).
11
Let g(m) = m**2 + 19*m + 20. Let v be g(-18). Suppose -5*c + 4*a - 1 = -31, v*a + 14 = 2*c. Let z(q) = 2*q**2 - 2. Determine z(c).
6
Let r(w) = -6*w - 5 + w**2 + 2 - 1 + 7. Let p(c) = c - 1. Let m be p(5). What is r(m)?
-5
Let b(x) be the first derivative of x**2 - 2*x + 2. Suppose 0 = 2*d + 2*u - 10, -4*u = 2*d + d - 20. Suppose -2*i + 0 + 6 = d. Give b(i).
4
Let f(l) = -l**2 + 2*l + 4. Let r = -20 + 23. Determine f(r).
1
Let s(r) = r**3 - 5*r**2 - 6*r - 5. Let b be s(6). Let t(n) be the second derivative of -1/20*n**5 - 2*n + n**2 - n**3 + 0 - 1/2*n**4. Give t(b).
7
Let m(c) = -4*c - 1. Let u be (-2)/(-6)*3*-1. Let p be m(u). Let n(s) = 4*s - p*s - 3*s. Determine n(3).
-6
Let p(h) = -9*h**2 - h - 2*h - h**3 + 4*h**2 - h - 1. Give p(-4).
-1
Let w(y) = y - 3. Let r be 18/45 + 26/10. Determine w(r).
0
Suppose 3*r + 20 = -2*r. Let k(x) be the second derivative of -x**3/6 + x**2/2 + 42*x. Calculate k(r).
5
Let f(r) = r**3 - r**2 - 4*r - 1. Let z be 38/5 + (-10)/(-25). Suppose 0 = 3*y - 2*y - z. Let s = -5 + y. Calculate f(s).
5
Let g(t) = -t + 3. Let l be g(-3). Let b(d) = -d**2 + 6*d + 6. What is b(l)?
6
Let n(f) be the second derivative of -f**3/3 + 2*f**2 + 16*f. Calculate n(3).
-2
Let y(k) = -k**2 + k + 4. Suppose 4*s + s + 0*s = 0. Give y(s).
4
Let p(g) = -3*g + 5*g - g + 3*g**2. Suppose 4*d = 4, -c - 5*d + 3 = -3*d. Let m = 0 + c. Determine p(m).
4
Let x = 30 + -1. Let f(z) = -x + z**2 + 29. What is f(0)?
0
Let j(w) = w + 4. Let a(y) = y + 4. Let b(l) = -3*a(l) + 4*j(l). Calculate b(-5).
-1
Let w(i) = i**3 + 6*i**2 - 4*i + 2. Let l be ((-6)/(-4))/((-12)/(-24)). Let q = -1 - 0. Let g(j) = j**2 - j. Let p(d) = l*g(d) + q*w(d). Determine p(-3).
-5
Suppose 0 = -3*m + 4*n - 14, -5*n = 3*m - 8*m - 15. Let z(r) be the third derivative of -r**5/60 + r**4/6 - r**3/2 - 2*r**2. Determine z(m).
1
Let p(b) be the first derivative of b**5/20 + b**4/4 - b**3/6 - b**2/2 - 2*b - 2. Let i(t) be the first derivative of p(t). What is i(-3)?
2
Let b = -1 + -4. Let a(g) = -11*g - 1. Let j(z) = -4*z. Let i(h) = 4*h. Let n(q) = -4*i(q) - 3*j(q). Let l(u) = 3*a(u) - 8*n(u). Give l(b).
2
Let i(p) = p**2 + 5*p - 4. Let a be i(-6). Let b(z) = -6 + 1 + z**2 + 4 + 2*z - 2. What is b(a)?
5
Let g(f) = -f**2. Let v(a) = -2*a**2 + 3*a + 1. Let p(s) = s**2 + s - 3. Let c be p(-3). Let q(i) = c*g(i) - v(i). Calculate q(-2).
1
Suppose -4*b - 16 = 2*r + 2, 0 = -3*b + 4*r - 8. Let q(f) = 2*f - 2*f**3 + 21*f**2 - 24*f**2 - 4 + 2 + f**3. Calculate q(b).
6
Let k be 2*(-1)/4*-2. Let u(s) be the first derivative of 1/3*s**3 - s**2 - 7/4*s**4 + s - 2. What is u(k)?
-7
Let l(w) be the second derivative of -w**3/6 + w**2/2 - 12*w. What is l(4)?
-3
Suppose -2*o - o = 0. Let p(l) = l**2 - l - 10. Determine p(o).
-10
Let u(y) = y**2 - 5*y. Let p = 17 + -13. Let t be 21/4 + (-1)/p. Calculate u(t).
0
Let y(i) = 2*i - 25. Let m be y(10). Let n(d) = d**3 - d**2 - d. Let j(c) = -7*c**3 + 2*c**2 + 13*c + 6. Let l(z) = -j(z) - 6*n(z). Determine l(m).
4
Let r be 8 - 5*(3 - 2). Let w(j) be the second derivative of 3*j + 0 + 1/2*j**r - 1/20*j**5 - 1/4*j**4 - 1/2*j**2. What is w(-4)?
3
Let g(h) = h**3 - 6*h**2 + 3*h - 8. Let t be (-1)/(-8)*4*12. Give g(t).
10
Suppose 2*m + 2*d = 6, -3 = -4*m - 2*d + 3. Let i(l) = l**3 - 4 - 2*l + m*l**2 - 5*l**2 + 3*l**2. Give i(3).
-1
Let q(h) be the second derivative of h**5/20 - 5*h**4/12 + h**3/3 + 3*h**2/2 - 8*h. Determine q(3).
-9
Let l be (3/(-6)*-2)/1. Let q(a) = -46*a**2 + 4. Let f(s) = 15*s**2 - 1. Let x(n) = -7*f(n) - 2*q(n). Calculate x(l).
-14
Let x be (-4)/(-14) + (-36)/(-21). Suppose x*k = 6*k - 20. Let j(d) = -2*d**2 - 6*d - 2*d**3 + 3*d**3 - 2*d**2. Calculate j(k).
-5
Suppose -j - 2*t = -6 + 2, -21 = -3*j + 3*t. Let n be (2/j)/((-1)/(-9)). Let y(m) = -m**3 + 3*m**2 + m - 2. Calculate y(n).
1
Let g(u) = 6*u**3 - 2*u**2 + 1. Let c be g(1). Suppose -b = 1 + 3, -2*d + 16 = -3*b. Let o(m) = -3*m**d + 6*m - 5*m**2 + m**3 - 5 + 2*m**2. What is o(c)?
0
Let q = -10 + 11. Let b(f) = 13*f + f + q + 0*f. Calculate b(-1).
-13
Let z(y) = y**2 + y - 1. Suppose 6*k = 2*k + 8. Suppose k*s + 11 = -4*a - 7, -2*a + 21 = -5*s. Give z(a).
1
Suppose 7 = -2*r + 1. Let z(m) = m + 3. What is z(r)?
0
Let u(b) be the first derivative of b**3/3 + b - 5. Determine u(2).
5
Let t(g) = -7*g**2 - 8*g - 8. Let i(y) = 13*y**2 + 15*y + 15. Let r(h) = -6*i(h) - 11*t(h). Suppose 20 = -7*l + 2*l. Calculate r(l).
-10
Suppose -2*p + 7 = 3*t, -2*p + t + 3*t + 14 = 0. Let x(s) = -3*s**2 - s + 5. Let l(q) = -q**2 + q. Let a(d) = 4*l(d) - x(d). What is a(p)?
-5
Let q(g) be the second derivative of g**4/12 + 2*g**2 + g. Let p be (-3)/(-9) - 1/3. Determine q(p).
4
Let h(a) = 0 + 4 + 1 - 5*a + 0. Determine h(-5).
30
Let p(b) be the third derivative of -b**6/360 - 7*b**5/120 + 5*b**4/12 + 4*b**3/3 + 8*b**2. Let a(s) be the first derivative of p(s). Determine a(-7).
10
Let x(b) = -15*b + 5. Suppose -w + 6*w - 35 = 0. Let s(h) = -2 + w*h + h - 1. Let m(a) = 11*s(a) + 6*x(a). Determine m(3).
-9
Let w(c) = c**2 - 3*c - 6. Let t be w(5). Suppose -n + 12 = -t*n. Let u(m) = -3*m + 6. Let x(i) = -i + 1. Let a(f) = -u(f) + 4*x(f). Calculate a(n).
2
Let z(m) = m**3 + 6*m**2 + 5*m + 7. Let o = -5 - 0. Give z(o).
7
Let p(q) = 2 - 6*q**2 + 3*q - 6*q**2 + 2*q + 18*q**2 + q**3. Calculate p(-4).
14
Let m(h) = -2*h**2 + 3*h. Let i(f) = 5*f - 1. Let x be i(-1). Let a be -2 + 2*3/x. Let l = a - -5. Determine m(l).
-2
Let k be -2 - -5 - 4 - -5. Let b(y) = 2*y**2 + 3*y + 4. Let c(q) = -q**2 - q - 2. Let r(t) = 4*b(t) + 9*c(t). Determine r(k).
-6
Let f(k) = 12*k + 15. Let t(i) = i + 1. Let h = -3 - -2. Let l(v) = h*f(v) + 15*t(v). Give l(1).
3
Let u(v) = -4*v**3 + 9*v**2 + 9*v - 4. Let l(c) = -c**3 + c**2 + 1. Let a(p) = -3*l(p) + u(p). Give a(7).
7
Suppose 0 = -b - 3, 4*c + 5*b + 8 = 1. Let g(z) = -z. Determine g(c).
-2
Let u be 84/(-20) + (-1)/(-5). Let k = -2 - u. Suppose k*g - 2 = -0. Let i(b) = b + 1. Give i(g).
2
Suppose 5*p = x + 6, -4*x - 2*p - 2 = -0*x. Let b(o) = 67*o - 30*o - 32*o. What is b(x)?
-5
Let o(x) be the third derivative of x**6/120 + x**5/15 - 5*x**4/24 + 15*x**2. Determine o(-5).
0
Let q(l) = -l + 3. Suppose 3*u - 14 = 4*d - 120, 5*d + 5*u = 150. Let x = d + -25. Determine q(x).
0
Let c(f) = 2*f + f**3 - 6*f**2 - 2*f - 1. Suppose -3*h + 4 = -14. Calculate c(h).
-1
Let m(r) = r + 1. Let h(z) = -z**2 + 13*z + 1. Suppose o + 16 = -2*g + 4*g, -5*o + 5*g - 55 = 0. Let d(c) = o*m(c) + h(c). Calculate d(4).
7
Let h(r) = 6 - r - 4 - 3 - 5. What is h(-4)?
-2
Suppose 2 = 2*a - 0. Let z(x) = -3*x + 2*x**3 + 1 + 2*x - x**2 + 6*x**3. Give z(a).
7
Let n(k) = k**2 + 0*k + k - 6*k - 5 - k. Calculate n(5).
-10
Suppose 0 = -4*h - 3*k + 4, 4*h - 2*k - 32 = 2*k. Suppose -3*j = -h*j - 2*o - 6, 16 = -3*j - 5*o. Let t(l) = -2*l**2 - 2*l + 1. Give t(j).
-3
Let x = 524/3 - 173. Let f(h) be the third derivative of -h**2 + 1/24*h**4 + x*h**3 + 0*h + 0. Determine f(0).
10
Let w(n) = -n**2 + n + 1. Let r(y) = y**2 - y - 15. Let d(s) = r(s) + 4*w(s). Let x(k) = 2*k**2 - 2*k + 10. Let o(p) = 3*d(p) + 4*x(p). Calculate o(0).
7
Let a(y) = -y**3 + 4*y**2 - 4*y - 1. Suppose 2*z + 7*z = 36. Give a(z).
-17
Let l(j) = -6*j + 8. Let y(v) = -v + 1. Let g(h) = -l(h) + 5*y(h). What is g(5)?
2
Let o(j) = j**2 - 6*j + 2. Suppose 11 + 1 = 2*p. Give o(p).
2
Let p(y) be the third derivative of -y**4/8 + 5*y**3/6 - y**2. Let i be -5 + 3 - (2 + -7 + -1). Calculate p(i).
-7
Let h(v) be the first derivative of -7*v**3/3 + 3*v**2/2 + v - 14. What is h(-2)?
-33
Suppose 5*k + 5 = r + 3, -2 = -k + r. Let d(z) = -4*z - 8. Let y(g) = 3*g + 5. Let u(a) = 5*d(a) + 8*y(a). What is u(k)?
-4
Let a(y) = -y**2 - 9*y + y + 2 + 5*y. Suppose 4 = -6*r + 8*r. Give a(r).
-8
Let v(k) = -5*k**2 + 1. Suppose 0*z - 75 = -3*z. Suppose q = -4*q + z. Suppose q*n + 1 = -4. Determine v(n).